306, -3*f = 5*l + 306. Let q = -45 - f. What is the remainder when q is divided by 15?
12
Let t be (-111)/12*-2*2. Let l = 88 - t. Let z = l + -42. Calculate the remainder when 23 is divided by z.
5
Suppose 0 = 239*s - 70*s - 17576. Calculate the remainder when 842 is divided by s.
10
Let m(r) = r**3. Let x(d) = -12*d**3 - 2*d**2 - 2*d - 1. Let q(u) = -5*m(u) + x(u). Calculate the remainder when q(-1) is divided by 6/(-1 - 5)*(15 + -1)*-1.
2
Suppose 388 = -11*k - 41. Calculate the remainder when (k/(-12))/(6/48) is divided by 20.
6
Calculate the remainder when 437 is divided by ((-1750)/575)/(-35) + 3333/23.
2
Let v(i) = -7*i**3 + 8*i**3 - i**2 + 2*i**3. Let p be v(1). Suppose p*a = -4*j + 36, -j + a + 12 = -3. Calculate the remainder when 19 is divided by j.
8
Let w = 26 + 32. Let g = -113 + 233. Suppose 0 = -3*a + 7*a - g. Calculate the remainder when w is divided by a.
28
Let l(u) = 3*u + 66. Suppose 197 = -7*g + 64. What is the remainder when 60 is divided by l(g)?
6
Let x(a) = 27*a**2 - 1. Let g = 71 + -7. Suppose 4*f = -2*r + g, -2*r = f - 6*r + 2. What is the remainder when x(-1) is divided by f?
12
Let v(n) = -13*n - 5. Suppose -12*r = -19*r + 84. What is the remainder when v(-2) is divided by r?
9
What is the remainder when 1146 is divided by (32/(-6))/(855/108 - 8)?
58
Suppose 0 = 79*l - 64*l - 35187 - 12258. Calculate the remainder when l is divided by 30.
13
Suppose 199*y - 72265 - 70766 = -7512. What is the remainder when y is divided by 36?
33
Let a = 36 - 36. Suppose p + 4*p = -a*p. Suppose -27 = -x - p*w - 3*w, 2*w = -2. Calculate the remainder when x is divided by 18.
12
Suppose 4*r = 4*t + 2 + 26, 4*t + 3*r = -21. Suppose -3*w - 51 = 63. What is the remainder when w/4*(0 - t - 10) is divided by 5?
3
Suppose 20*h = -690 + 2090. Suppose 0 = -5*q - 5*t + 150, 0 = -2*q + 4*q - 3*t - h. Suppose 0 = -0*i + 2*i - 188. What is the remainder when i is divided by q?
30
Suppose -18*m + 102 + 238 = -2. Suppose 2*k - 55 - 227 = -4*b, 3*k = 2*b - 161. Calculate the remainder when b is divided by m.
16
Let j(i) = 4 + 0*i + 2*i - 4*i**2 + 0*i**3 + 3*i**3. Suppose -37*n - 5 = -116. What is the remainder when j(n) is divided by 14?
13
Let i = 54 + -49. Let f(w) = -w**2 - 4*w + 17. Let r(j) = -j - 2. Let p be r(3). What is the remainder when f(p) is divided by i?
2
Let o = 1909 - 1893. Calculate the remainder when 462 is divided by o.
14
Let o(d) = -d**2 + 4*d. Let y be -4*(-5)/6*90/50. Calculate the remainder when 20 + (-2 - (y + -5)) - 5 is divided by o(3).
0
Let p = -5508 - -5561. Suppose 2*r = -2*r + 72. What is the remainder when p is divided by r?
17
Let q(g) = 16*g + 36. Let t be q(-2). Suppose -660 = -t*s - 2*c - 2*c, 0 = -c - 5. Calculate the remainder when s is divided by 19.
18
Suppose -4*z + 66 = -15*z. Let h be (51/9 + -4)/((-2)/z). Suppose h*n - 187 = 3*t, -54 = -5*n + 3*n - 4*t. Calculate the remainder when n is divided by 15.
5
Let y(i) = 56*i + 295. Calculate the remainder when y(0) is divided by 30.
25
Suppose -3*p = -3, u - 49 = -5*p - 30. Suppose 9 - 3 = -3*b. What is the remainder when (-104)/6*3/b is divided by u?
12
Suppose -4*c + 111 = 3*y, -125*y - 40 = -127*y + 3*c. Calculate the remainder when 859 is divided by y.
18
Let a = -24 - -28. Let m be a + -6 - (1 - 12). Suppose m*x - 17 = 8*x. What is the remainder when 82 is divided by x?
14
Suppose -q = -3*r - 4 - 7, 42 = 5*q - 2*r. Suppose -d = 8 - q. Suppose -g + 38 + 4 = d. What is the remainder when 83 is divided by g?
41
Let l be (1 + -273)/(-4) + 0. Suppose l = 3*s - 4*p - p, 3*s - 70 = 4*p. Suppose 4*g = -2*g + 60. Calculate the remainder when s is divided by g.
6
Suppose -4*t - 11*t + 791 = -649. What is the remainder when 3167 is divided by t?
95
Let q = 1028 + 246. What is the remainder when q is divided by 64?
58
Calculate the remainder when 45/(-4)*(-1 + (-333)/(-189))*-28 is divided by 7.
2
Let y be 1*-2*(4 + -2). Let b be -15*3 + (y - -7). What is the remainder when 43 is divided by 2/(-3) - 658/b?
13
Let s(y) = 33*y - 65. Let d(m) = -m**2 - 7*m - 10. Let t be d(-3). What is the remainder when 8 is divided by s(t)?
0
Let p(n) = n - 2. Let z = 20 + -15. Let i be p(z). Let w(j) = 2*j**3 - 2*j**2 + j - 1. Calculate the remainder when w(i) is divided by 10.
8
Let n(h) = -3*h**3 + 32*h**2 - 19*h + 21. What is the remainder when 4149 is divided by n(10)?
26
Suppose -6*d + 2*d - 66*a + 71*a = -8404, -2*a = 0. Calculate the remainder when d is divided by 81.
76
Let m be (-10)/(-12)*20*2124/10. Suppose 3*k + 7*k + m = 0. Calculate the remainder when 159 is divided by 2/3 - k/9.
39
Let u(o) = o**3 - 3*o**2 - 11*o - 19. Let p be u(8). Let f = 252 - p. What is the remainder when 43 is divided by f?
4
Suppose -4*q = -3*y - 1486, -13*q - 2434 = 5*y - 9*q. Let a = -479 - y. Calculate the remainder when 25 is divided by a.
3
Let i be 14/4*(-2472)/(-21). Let s = i + -411. What is the remainder when 10 is divided by s?
0
Suppose -q + 10 + 0 = 0. Let x be (36/10)/(15/100). Let y = x - q. What is the remainder when 38 is divided by y?
10
Suppose 0 = 895*t - 892*t - 246. What is the remainder when 397 is divided by t?
69
Let g = 18 - 11. Let w(n) = 2*n**2 - 36*n + 26. Let u be w(20). Let o = 111 - u. What is the remainder when g is divided by o?
2
Suppose -3*t + 5*d + 11933 = 0, 0 = 8*t - 12*t - 5*d + 15899. Suppose -2*y - 12*y = -t. Calculate the remainder when y is divided by 19.
18
Suppose -p + 84 = -5*c, -2*c = 2*p - 0*p - 120. Suppose 4 = -2*a, -z + 6*z + 3*a - p = 0. What is the remainder when 46 is divided by z?
4
Let k be (-160)/32*(132/5)/(-1). Let u = 137 - k. What is the remainder when 5 is divided by u?
0
Let l = -110 + 141. Suppose -3*s - 39 = -6*s. Calculate the remainder when l is divided by s.
5
Let h = 12091 - 11963. Calculate the remainder when h is divided by 56.
16
Let a(k) = -k**2 + 10*k. Let y be a(10). Let m be (-2 - y)/(26/(-39)). Calculate the remainder when 100 is divided by m/8 + 1076/32.
32
Let g be (-35)/((28/(-77))/(-4)). Let f = -345 - g. Calculate the remainder when f is divided by 6.
4
Let g = 3215 - 3150. What is the remainder when 389 is divided by g?
64
Let o(v) = 8*v + 3. Let c(y) = y**3 + 2*y**2 - 9*y - 9. Let l be c(-6). Let f = l + 103. Calculate the remainder when 104 is divided by o(f).
34
Suppose 2100 = 4*p + 2*o, 2*o = 2*p - 60 - 1014. Calculate the remainder when p is divided by 37.
11
Let q be (2/(-6))/(-5*8/360). Let y(j) = 9*j + 32. What is the remainder when y(q) is divided by 31?
28
Let l be 0*5/(-10 - 0). Suppose l = -2*y + c - 4*c - 614, -3*y - 2*c = 931. Let w = -207 - y. Calculate the remainder when w is divided by 29.
19
Calculate the remainder when 460 is divided by 1/(1/314*-10)*85/(-17).
146
Let n be (-54)/4*(-8)/12. Suppose q + 0 = -4*f + 6, n = q + 3*f. Calculate the remainder when 75 is divided by q.
3
Let d(f) = 3*f**2 - 5*f + 2. Suppose -245*b = 6*t - 246*b - 1080, -12 = 2*b. What is the remainder when t is divided by d(4)?
29
Let x = 614 - 159. Calculate the remainder when x is divided by 213.
29
Let n = 1084 - 1048. Let p = -57 - -67. Calculate the remainder when n is divided by p.
6
Let w be ((-2)/(-4))/((-2)/(-16)). Let x(l) = -l**3 + 6*l**2 + l - 5. Let j be x(w). Suppose -j = -h - 3. Calculate the remainder when h is divided by 8.
4
Suppose -35*w = -46080 + 4150. What is the remainder when w is divided by 67?
59
Let i = 15123 - 15015. What is the remainder when 445 is divided by i?
13
Let t = 507 + -234. Suppose -7*a - t = -4*a. What is the remainder when 17 is divided by 3 - -1 - a/13?
6
Suppose -2*n + 9 = -j, -6*j + 3*j - 17 = -n. Suppose 0 = -u + 5, 4*h + u = 7 - n. Suppose -t - 7*t + 40 = h. Calculate the remainder when 33 is divided by t.
3
Let k be (-12)/(-16) + ((-3411)/(-12) - -3). Suppose -17*u + k = 7*u. What is the remainder when 15 is divided by u?
3
Suppose -106*c = -175*c + 18354. Calculate the remainder when 777 is divided by c.
245
Let u(g) be the first derivative of -25*g**4/2 - 2*g**3/3 + g**2/2 + 3*g - 94. Calculate the remainder when u(-1) is divided by 11.
6
Let l = 65 - 63. Suppose -4*s + 4*b - 819 + 2023 = 0, 5*s - 1533 = -l*b. What is the remainder when s is divided by 44?
41
Suppose 0 = -66*v + 23*v - 7*v + 157900. What is the remainder when v is divided by 113?
107
Suppose 33*i - 1